{"id":1117,"date":"2025-04-07T12:21:31","date_gmt":"2025-04-07T12:21:31","guid":{"rendered":"https:\/\/charlottecouturier.com\/?page_id=1117"},"modified":"2025-09-19T18:03:31","modified_gmt":"2025-09-19T18:03:31","slug":"art","status":"publish","type":"page","link":"https:\/\/charlottecouturier.com\/index.php\/art\/","title":{"rendered":"sc\u00e8ne et voix"},"content":{"rendered":"\n<figure class=\"wp-block-image size-full\"><img fetchpriority=\"high\" decoding=\"async\" width=\"960\" height=\"632\" src=\"https:\/\/charlottecouturier.com\/wp-content\/uploads\/2024\/11\/Marathon-Victor-Hugo_-mis-en-scene-par-Nadia-Vadori-Gauthier-Paris-2002-__-@Andre-Antebi.jpeg\" alt=\"\" class=\"wp-image-909\" srcset=\"https:\/\/charlottecouturier.com\/wp-content\/uploads\/2024\/11\/Marathon-Victor-Hugo_-mis-en-scene-par-Nadia-Vadori-Gauthier-Paris-2002-__-@Andre-Antebi.jpeg 960w, https:\/\/charlottecouturier.com\/wp-content\/uploads\/2024\/11\/Marathon-Victor-Hugo_-mis-en-scene-par-Nadia-Vadori-Gauthier-Paris-2002-__-@Andre-Antebi-300x198.jpeg 300w, https:\/\/charlottecouturier.com\/wp-content\/uploads\/2024\/11\/Marathon-Victor-Hugo_-mis-en-scene-par-Nadia-Vadori-Gauthier-Paris-2002-__-@Andre-Antebi-768x506.jpeg 768w, https:\/\/charlottecouturier.com\/wp-content\/uploads\/2024\/11\/Marathon-Victor-Hugo_-mis-en-scene-par-Nadia-Vadori-Gauthier-Paris-2002-__-@Andre-Antebi-480x316.jpeg 480w, https:\/\/charlottecouturier.com\/wp-content\/uploads\/2024\/11\/Marathon-Victor-Hugo_-mis-en-scene-par-Nadia-Vadori-Gauthier-Paris-2002-__-@Andre-Antebi-230x151.jpeg 230w, https:\/\/charlottecouturier.com\/wp-content\/uploads\/2024\/11\/Marathon-Victor-Hugo_-mis-en-scene-par-Nadia-Vadori-Gauthier-Paris-2002-__-@Andre-Antebi-350x230.jpeg 350w\" sizes=\"(max-width: 960px) 100vw, 960px\" \/><figcaption class=\"wp-element-caption\">Marathon Victor Hugo, Paris (2002)<\/figcaption><\/figure>\n\n\n\n<div class=\"wp-block-group is-nowrap is-layout-flex wp-container-core-group-is-layout-ad2f72ca wp-block-group-is-layout-flex\">\n<div class=\"wp-block-group\"><div class=\"wp-block-group__inner-container is-layout-constrained wp-block-group-is-layout-constrained\">\n<figure class=\"wp-block-gallery has-nested-images columns-default is-cropped wp-block-gallery-1 is-layout-flex wp-block-gallery-is-layout-flex\">\n<figure class=\"wp-block-image size-large\"><img decoding=\"async\" width=\"683\" height=\"1024\" data-id=\"951\" src=\"https:\/\/charlottecouturier.com\/wp-content\/uploads\/2024\/11\/Performance-_Le-chant-des-Sirenes_-curation-Lola-Meotti-au-CAL-Charleroi-2022-__-@Morgane-Vlecken-19-683x1024.jpeg\" alt=\"\" class=\"wp-image-951\" srcset=\"https:\/\/charlottecouturier.com\/wp-content\/uploads\/2024\/11\/Performance-_Le-chant-des-Sirenes_-curation-Lola-Meotti-au-CAL-Charleroi-2022-__-@Morgane-Vlecken-19-683x1024.jpeg 683w, https:\/\/charlottecouturier.com\/wp-content\/uploads\/2024\/11\/Performance-_Le-chant-des-Sirenes_-curation-Lola-Meotti-au-CAL-Charleroi-2022-__-@Morgane-Vlecken-19-200x300.jpeg 200w, https:\/\/charlottecouturier.com\/wp-content\/uploads\/2024\/11\/Performance-_Le-chant-des-Sirenes_-curation-Lola-Meotti-au-CAL-Charleroi-2022-__-@Morgane-Vlecken-19-768x1152.jpeg 768w, https:\/\/charlottecouturier.com\/wp-content\/uploads\/2024\/11\/Performance-_Le-chant-des-Sirenes_-curation-Lola-Meotti-au-CAL-Charleroi-2022-__-@Morgane-Vlecken-19-1024x1536.jpeg 1024w, https:\/\/charlottecouturier.com\/wp-content\/uploads\/2024\/11\/Performance-_Le-chant-des-Sirenes_-curation-Lola-Meotti-au-CAL-Charleroi-2022-__-@Morgane-Vlecken-19-1365x2048.jpeg 1365w, https:\/\/charlottecouturier.com\/wp-content\/uploads\/2024\/11\/Performance-_Le-chant-des-Sirenes_-curation-Lola-Meotti-au-CAL-Charleroi-2022-__-@Morgane-Vlecken-19-480x720.jpeg 480w, https:\/\/charlottecouturier.com\/wp-content\/uploads\/2024\/11\/Performance-_Le-chant-des-Sirenes_-curation-Lola-Meotti-au-CAL-Charleroi-2022-__-@Morgane-Vlecken-19-1000x1500.jpeg 1000w, https:\/\/charlottecouturier.com\/wp-content\/uploads\/2024\/11\/Performance-_Le-chant-des-Sirenes_-curation-Lola-Meotti-au-CAL-Charleroi-2022-__-@Morgane-Vlecken-19-230x345.jpeg 230w, https:\/\/charlottecouturier.com\/wp-content\/uploads\/2024\/11\/Performance-_Le-chant-des-Sirenes_-curation-Lola-Meotti-au-CAL-Charleroi-2022-__-@Morgane-Vlecken-19-350x525.jpeg 350w, https:\/\/charlottecouturier.com\/wp-content\/uploads\/2024\/11\/Performance-_Le-chant-des-Sirenes_-curation-Lola-Meotti-au-CAL-Charleroi-2022-__-@Morgane-Vlecken-19.jpeg 1440w\" sizes=\"(max-width: 683px) 100vw, 683px\" \/><figcaption class=\"wp-element-caption\">\u00ab\u00a0Le chant des Sir\u00e8nes\u00a0\u00bb, Charleroi (2021)<\/figcaption><\/figure>\n\n\n\n<figure class=\"wp-block-image size-large\"><img decoding=\"async\" width=\"576\" height=\"1024\" data-id=\"932\" src=\"https:\/\/charlottecouturier.com\/wp-content\/uploads\/2024\/11\/Le-secret_-de-Nane-Beauregard-lecture-a-la-librairie-lHarmattan-Paris-2013-1-576x1024.jpg\" alt=\"\" class=\"wp-image-932\" srcset=\"https:\/\/charlottecouturier.com\/wp-content\/uploads\/2024\/11\/Le-secret_-de-Nane-Beauregard-lecture-a-la-librairie-lHarmattan-Paris-2013-1-576x1024.jpg 576w, https:\/\/charlottecouturier.com\/wp-content\/uploads\/2024\/11\/Le-secret_-de-Nane-Beauregard-lecture-a-la-librairie-lHarmattan-Paris-2013-1-169x300.jpg 169w, https:\/\/charlottecouturier.com\/wp-content\/uploads\/2024\/11\/Le-secret_-de-Nane-Beauregard-lecture-a-la-librairie-lHarmattan-Paris-2013-1-768x1365.jpg 768w, https:\/\/charlottecouturier.com\/wp-content\/uploads\/2024\/11\/Le-secret_-de-Nane-Beauregard-lecture-a-la-librairie-lHarmattan-Paris-2013-1-864x1536.jpg 864w, https:\/\/charlottecouturier.com\/wp-content\/uploads\/2024\/11\/Le-secret_-de-Nane-Beauregard-lecture-a-la-librairie-lHarmattan-Paris-2013-1-480x853.jpg 480w, https:\/\/charlottecouturier.com\/wp-content\/uploads\/2024\/11\/Le-secret_-de-Nane-Beauregard-lecture-a-la-librairie-lHarmattan-Paris-2013-1-230x409.jpg 230w, https:\/\/charlottecouturier.com\/wp-content\/uploads\/2024\/11\/Le-secret_-de-Nane-Beauregard-lecture-a-la-librairie-lHarmattan-Paris-2013-1-350x622.jpg 350w, https:\/\/charlottecouturier.com\/wp-content\/uploads\/2024\/11\/Le-secret_-de-Nane-Beauregard-lecture-a-la-librairie-lHarmattan-Paris-2013-1.jpg 918w\" sizes=\"(max-width: 576px) 100vw, 576px\" \/><figcaption class=\"wp-element-caption\">\u00ab\u00a0Le secret\u00a0\u00bb de Nane Beauregard, Paris (2013)<\/figcaption><\/figure>\n\n\n\n<figure class=\"wp-block-image size-full\"><img loading=\"lazy\" decoding=\"async\" width=\"678\" height=\"678\" data-id=\"70\" src=\"https:\/\/charlottecouturier.com\/wp-content\/uploads\/2019\/04\/Lecture_Midis_6_-_2014.jpg\" alt=\"\" class=\"wp-image-70\" srcset=\"https:\/\/charlottecouturier.com\/wp-content\/uploads\/2019\/04\/Lecture_Midis_6_-_2014.jpg 678w, https:\/\/charlottecouturier.com\/wp-content\/uploads\/2019\/04\/Lecture_Midis_6_-_2014-150x150.jpg 150w, https:\/\/charlottecouturier.com\/wp-content\/uploads\/2019\/04\/Lecture_Midis_6_-_2014-300x300.jpg 300w, https:\/\/charlottecouturier.com\/wp-content\/uploads\/2019\/04\/Lecture_Midis_6_-_2014-480x480.jpg 480w, https:\/\/charlottecouturier.com\/wp-content\/uploads\/2019\/04\/Lecture_Midis_6_-_2014-230x230.jpg 230w, https:\/\/charlottecouturier.com\/wp-content\/uploads\/2019\/04\/Lecture_Midis_6_-_2014-350x350.jpg 350w\" sizes=\"(max-width: 678px) 100vw, 678px\" \/><figcaption class=\"wp-element-caption\">Lecture aux Midis de la Po\u00e9sie (2014)<\/figcaption><\/figure>\n\n\n\n<figure class=\"wp-block-image size-large\"><img loading=\"lazy\" decoding=\"async\" width=\"1024\" height=\"548\" data-id=\"907\" src=\"https:\/\/charlottecouturier.com\/wp-content\/uploads\/2024\/11\/Bienvenues-une-performance-sur-les-insultes-sexistes_-Place-de-La-Monnaie-Bruxelles-2021-__-@-Noemie-Maton-Dujardin-1024x548.jpg\" alt=\"\" class=\"wp-image-907\" srcset=\"https:\/\/charlottecouturier.com\/wp-content\/uploads\/2024\/11\/Bienvenues-une-performance-sur-les-insultes-sexistes_-Place-de-La-Monnaie-Bruxelles-2021-__-@-Noemie-Maton-Dujardin-1024x548.jpg 1024w, https:\/\/charlottecouturier.com\/wp-content\/uploads\/2024\/11\/Bienvenues-une-performance-sur-les-insultes-sexistes_-Place-de-La-Monnaie-Bruxelles-2021-__-@-Noemie-Maton-Dujardin-300x160.jpg 300w, https:\/\/charlottecouturier.com\/wp-content\/uploads\/2024\/11\/Bienvenues-une-performance-sur-les-insultes-sexistes_-Place-de-La-Monnaie-Bruxelles-2021-__-@-Noemie-Maton-Dujardin-768x411.jpg 768w, https:\/\/charlottecouturier.com\/wp-content\/uploads\/2024\/11\/Bienvenues-une-performance-sur-les-insultes-sexistes_-Place-de-La-Monnaie-Bruxelles-2021-__-@-Noemie-Maton-Dujardin-1536x822.jpg 1536w, https:\/\/charlottecouturier.com\/wp-content\/uploads\/2024\/11\/Bienvenues-une-performance-sur-les-insultes-sexistes_-Place-de-La-Monnaie-Bruxelles-2021-__-@-Noemie-Maton-Dujardin-2048x1095.jpg 2048w, https:\/\/charlottecouturier.com\/wp-content\/uploads\/2024\/11\/Bienvenues-une-performance-sur-les-insultes-sexistes_-Place-de-La-Monnaie-Bruxelles-2021-__-@-Noemie-Maton-Dujardin-480x257.jpg 480w, https:\/\/charlottecouturier.com\/wp-content\/uploads\/2024\/11\/Bienvenues-une-performance-sur-les-insultes-sexistes_-Place-de-La-Monnaie-Bruxelles-2021-__-@-Noemie-Maton-Dujardin-1000x535.jpg 1000w, https:\/\/charlottecouturier.com\/wp-content\/uploads\/2024\/11\/Bienvenues-une-performance-sur-les-insultes-sexistes_-Place-de-La-Monnaie-Bruxelles-2021-__-@-Noemie-Maton-Dujardin-230x123.jpg 230w, https:\/\/charlottecouturier.com\/wp-content\/uploads\/2024\/11\/Bienvenues-une-performance-sur-les-insultes-sexistes_-Place-de-La-Monnaie-Bruxelles-2021-__-@-Noemie-Maton-Dujardin-350x187.jpg 350w\" sizes=\"(max-width: 1024px) 100vw, 1024px\" \/><figcaption class=\"wp-element-caption\">\u00ab\u00a0Bienvenues !, Place de La Monnaie, Bruxelles (2021) <\/figcaption><\/figure>\n\n\n\n<figure class=\"wp-block-image size-large\"><img loading=\"lazy\" decoding=\"async\" width=\"1024\" height=\"768\" data-id=\"892\" src=\"https:\/\/charlottecouturier.com\/wp-content\/uploads\/2019\/04\/Bienvenues-une-performance-sur-les-insultes-sexistes_-a-la-Maison-des-Metallos-Paris-2019-1024x768.jpg\" alt=\"\" class=\"wp-image-892\" srcset=\"https:\/\/charlottecouturier.com\/wp-content\/uploads\/2019\/04\/Bienvenues-une-performance-sur-les-insultes-sexistes_-a-la-Maison-des-Metallos-Paris-2019-1024x768.jpg 1024w, https:\/\/charlottecouturier.com\/wp-content\/uploads\/2019\/04\/Bienvenues-une-performance-sur-les-insultes-sexistes_-a-la-Maison-des-Metallos-Paris-2019-300x225.jpg 300w, https:\/\/charlottecouturier.com\/wp-content\/uploads\/2019\/04\/Bienvenues-une-performance-sur-les-insultes-sexistes_-a-la-Maison-des-Metallos-Paris-2019-768x576.jpg 768w, https:\/\/charlottecouturier.com\/wp-content\/uploads\/2019\/04\/Bienvenues-une-performance-sur-les-insultes-sexistes_-a-la-Maison-des-Metallos-Paris-2019-1536x1152.jpg 1536w, https:\/\/charlottecouturier.com\/wp-content\/uploads\/2019\/04\/Bienvenues-une-performance-sur-les-insultes-sexistes_-a-la-Maison-des-Metallos-Paris-2019-2048x1536.jpg 2048w, https:\/\/charlottecouturier.com\/wp-content\/uploads\/2019\/04\/Bienvenues-une-performance-sur-les-insultes-sexistes_-a-la-Maison-des-Metallos-Paris-2019-480x360.jpg 480w, https:\/\/charlottecouturier.com\/wp-content\/uploads\/2019\/04\/Bienvenues-une-performance-sur-les-insultes-sexistes_-a-la-Maison-des-Metallos-Paris-2019-1000x750.jpg 1000w, https:\/\/charlottecouturier.com\/wp-content\/uploads\/2019\/04\/Bienvenues-une-performance-sur-les-insultes-sexistes_-a-la-Maison-des-Metallos-Paris-2019-230x173.jpg 230w, https:\/\/charlottecouturier.com\/wp-content\/uploads\/2019\/04\/Bienvenues-une-performance-sur-les-insultes-sexistes_-a-la-Maison-des-Metallos-Paris-2019-350x263.jpg 350w\" sizes=\"(max-width: 1024px) 100vw, 1024px\" \/><figcaption class=\"wp-element-caption\">\u00ab\u00a0Bienvenues ! \u00e0 la Maison des M\u00e9tallos, Paris (2021)<\/figcaption><\/figure>\n\n\n\n<figure class=\"wp-block-image size-large\"><img loading=\"lazy\" decoding=\"async\" width=\"1020\" height=\"680\" data-id=\"128\" src=\"https:\/\/charlottecouturier.com\/wp-content\/uploads\/2019\/04\/17016885_1213502578763683_2441876725521361747_o.jpg\" alt=\"\" class=\"wp-image-128\" srcset=\"https:\/\/charlottecouturier.com\/wp-content\/uploads\/2019\/04\/17016885_1213502578763683_2441876725521361747_o.jpg 1020w, https:\/\/charlottecouturier.com\/wp-content\/uploads\/2019\/04\/17016885_1213502578763683_2441876725521361747_o-300x200.jpg 300w, https:\/\/charlottecouturier.com\/wp-content\/uploads\/2019\/04\/17016885_1213502578763683_2441876725521361747_o-768x512.jpg 768w, https:\/\/charlottecouturier.com\/wp-content\/uploads\/2019\/04\/17016885_1213502578763683_2441876725521361747_o-480x320.jpg 480w, https:\/\/charlottecouturier.com\/wp-content\/uploads\/2019\/04\/17016885_1213502578763683_2441876725521361747_o-830x553.jpg 830w, https:\/\/charlottecouturier.com\/wp-content\/uploads\/2019\/04\/17016885_1213502578763683_2441876725521361747_o-230x153.jpg 230w, https:\/\/charlottecouturier.com\/wp-content\/uploads\/2019\/04\/17016885_1213502578763683_2441876725521361747_o-350x233.jpg 350w\" sizes=\"(max-width: 1020px) 100vw, 1020px\" \/><figcaption class=\"wp-element-caption\">F. (l&rsquo;autre femme), Festival Factory, Li\u00e8ge (2017)<\/figcaption><\/figure>\n\n\n\n<figure class=\"wp-block-image size-large\"><img loading=\"lazy\" decoding=\"async\" width=\"1020\" height=\"680\" data-id=\"127\" src=\"https:\/\/charlottecouturier.com\/wp-content\/uploads\/2019\/04\/16992521_1213503308763610_8938274485094138458_o.jpg\" alt=\"\" class=\"wp-image-127\" srcset=\"https:\/\/charlottecouturier.com\/wp-content\/uploads\/2019\/04\/16992521_1213503308763610_8938274485094138458_o.jpg 1020w, https:\/\/charlottecouturier.com\/wp-content\/uploads\/2019\/04\/16992521_1213503308763610_8938274485094138458_o-300x200.jpg 300w, https:\/\/charlottecouturier.com\/wp-content\/uploads\/2019\/04\/16992521_1213503308763610_8938274485094138458_o-768x512.jpg 768w, https:\/\/charlottecouturier.com\/wp-content\/uploads\/2019\/04\/16992521_1213503308763610_8938274485094138458_o-480x320.jpg 480w, https:\/\/charlottecouturier.com\/wp-content\/uploads\/2019\/04\/16992521_1213503308763610_8938274485094138458_o-830x553.jpg 830w, https:\/\/charlottecouturier.com\/wp-content\/uploads\/2019\/04\/16992521_1213503308763610_8938274485094138458_o-230x153.jpg 230w, https:\/\/charlottecouturier.com\/wp-content\/uploads\/2019\/04\/16992521_1213503308763610_8938274485094138458_o-350x233.jpg 350w\" sizes=\"(max-width: 1020px) 100vw, 1020px\" \/><figcaption class=\"wp-element-caption\">F. (l&rsquo;autre femme), Festival Factory, Li\u00e8ge (2017)<\/figcaption><\/figure>\n\n\n\n<figure class=\"wp-block-image size-large\"><img loading=\"lazy\" decoding=\"async\" width=\"1024\" height=\"577\" data-id=\"126\" src=\"https:\/\/charlottecouturier.com\/wp-content\/uploads\/2019\/04\/Photos-3D4ID-a\u0300-ranger-66-1024x577.jpg\" alt=\"\" class=\"wp-image-126\" srcset=\"https:\/\/charlottecouturier.com\/wp-content\/uploads\/2019\/04\/Photos-3D4ID-a\u0300-ranger-66-1024x577.jpg 1024w, https:\/\/charlottecouturier.com\/wp-content\/uploads\/2019\/04\/Photos-3D4ID-a\u0300-ranger-66-300x169.jpg 300w, https:\/\/charlottecouturier.com\/wp-content\/uploads\/2019\/04\/Photos-3D4ID-a\u0300-ranger-66-768x433.jpg 768w, https:\/\/charlottecouturier.com\/wp-content\/uploads\/2019\/04\/Photos-3D4ID-a\u0300-ranger-66-480x271.jpg 480w, https:\/\/charlottecouturier.com\/wp-content\/uploads\/2019\/04\/Photos-3D4ID-a\u0300-ranger-66-830x468.jpg 830w, https:\/\/charlottecouturier.com\/wp-content\/uploads\/2019\/04\/Photos-3D4ID-a\u0300-ranger-66-230x130.jpg 230w, https:\/\/charlottecouturier.com\/wp-content\/uploads\/2019\/04\/Photos-3D4ID-a\u0300-ranger-66-350x197.jpg 350w\" sizes=\"(max-width: 1024px) 100vw, 1024px\" \/><figcaption class=\"wp-element-caption\">Hot Bodies Choir au Beursschouwburg, Bruxelles (2018)<\/figcaption><\/figure>\n\n\n\n<figure class=\"wp-block-image size-large\"><img loading=\"lazy\" decoding=\"async\" width=\"1024\" height=\"768\" data-id=\"125\" src=\"https:\/\/charlottecouturier.com\/wp-content\/uploads\/2019\/04\/42442862_1837912252989376_5508835954200150016_o-1-1024x768.jpg\" alt=\"\" class=\"wp-image-125\" srcset=\"https:\/\/charlottecouturier.com\/wp-content\/uploads\/2019\/04\/42442862_1837912252989376_5508835954200150016_o-1-1024x768.jpg 1024w, https:\/\/charlottecouturier.com\/wp-content\/uploads\/2019\/04\/42442862_1837912252989376_5508835954200150016_o-1-300x225.jpg 300w, https:\/\/charlottecouturier.com\/wp-content\/uploads\/2019\/04\/42442862_1837912252989376_5508835954200150016_o-1-768x576.jpg 768w, https:\/\/charlottecouturier.com\/wp-content\/uploads\/2019\/04\/42442862_1837912252989376_5508835954200150016_o-1-480x360.jpg 480w, https:\/\/charlottecouturier.com\/wp-content\/uploads\/2019\/04\/42442862_1837912252989376_5508835954200150016_o-1-830x623.jpg 830w, https:\/\/charlottecouturier.com\/wp-content\/uploads\/2019\/04\/42442862_1837912252989376_5508835954200150016_o-1-230x173.jpg 230w, https:\/\/charlottecouturier.com\/wp-content\/uploads\/2019\/04\/42442862_1837912252989376_5508835954200150016_o-1-350x263.jpg 350w, https:\/\/charlottecouturier.com\/wp-content\/uploads\/2019\/04\/42442862_1837912252989376_5508835954200150016_o-1.jpg 1440w\" sizes=\"(max-width: 1024px) 100vw, 1024px\" \/><figcaption class=\"wp-element-caption\">Hot Bodies Choir au Beursschouwburg, Bruxelles (2018)<\/figcaption><\/figure>\n<\/figure>\n<\/div><\/div>\n<\/div>\n\n\n\n<p>Je travaille le texte et la voix. Mon parcours m\u00eale th\u00e9\u00e2tre, \u00e9criture et explorations vocales. Il s&rsquo;est tiss\u00e9 entre formations artistiques, \u00e9tudes universitaires en langues, lettres et dramaturgie, et ateliers exp\u00e9rimentaux.<\/p>\n\n\n\n<p>Ce qui me touche profond\u00e9ment, c&rsquo;est d&rsquo;explorer la parole dans toutes ses dimensions\u2026 sur sc\u00e8ne, en lecture, \u00e0 la radio ou dans l&rsquo;espace public.<br>Depuis mes d\u00e9buts, je suis aussi particuli\u00e8rement attir\u00e9e par les \u00e9crits de femmes, travaillant \u00e0 partir de textes d&rsquo;autrices superbes et trop peu connues. Cette attention m&rsquo;a guid\u00e9e vers une pratique o\u00f9 le po\u00e9tique et le politique se rejoignent.<\/p>\n\n\n\n<p>Ma rencontre avec le <em>Hot Bodies Choir<\/em> en 2017, collectif <em>queer<\/em> et f\u00e9ministe bruxellois, a \u00e9t\u00e9 d\u00e9cisive. Elle m&rsquo;a ouvert la voie pour relier mon engagement militant et mes cr\u00e9ations artistiques. C&rsquo;est ainsi que sont n\u00e9es des performances comme <em><s>La<\/s> femme<\/em> ou <em>Bienvenues !<\/em>, directement inspir\u00e9es de mes recherches sur le sexisme.<\/p>\n\n\n\n<p>Ces derni\u00e8res ann\u00e9es, j&rsquo;ai d\u00e9velopp\u00e9 des projets \u00e0 l&rsquo;intersection de l&rsquo;art et de la recherche. J&rsquo;ai perform\u00e9 une version th\u00e9\u00e2trale des chiffres de l&rsquo;\u00e9tude Acte 3 men\u00e9e par La Deuxi\u00e8me Sc\u00e8ne sur la place des femmes dans l&rsquo;art. J&rsquo;ai \u00e9galement collabor\u00e9 avec un chercheur de l&rsquo;ATelier d&rsquo;\u00c9COlogie POLitique pour transformer les enjeux climatiques en exp\u00e9riences sensibles et collectives.<\/p>\n\n\n\n<p>Je cherche \u00e0 cr\u00e9er des espaces o\u00f9 la parole retrouve sa puissance d&rsquo;\u00e9vocation et sa dimension performative \u2013 sa capacit\u00e9 \u00e0 agir sur nous, \u00e0 nous transformer.<\/p>\n\n\n\n<p><\/p>\n\n\n\n<p><\/p>\n","protected":false},"excerpt":{"rendered":"<p>Je travaille le texte et la voix. Mon parcours m\u00eale th\u00e9\u00e2tre, \u00e9criture et explorations vocales. Il s&rsquo;est tiss\u00e9 entre formations artistiques, \u00e9tudes [&hellip;]<\/p>\n","protected":false},"author":1,"featured_media":0,"parent":0,"menu_order":0,"comment_status":"closed","ping_status":"closed","template":"","meta":{"footnotes":""},"class_list":["post-1117","page","type-page","status-publish","hentry"],"_links":{"self":[{"href":"https:\/\/charlottecouturier.com\/index.php\/wp-json\/wp\/v2\/pages\/1117","targetHints":{"allow":["GET"]}}],"collection":[{"href":"https:\/\/charlottecouturier.com\/index.php\/wp-json\/wp\/v2\/pages"}],"about":[{"href":"https:\/\/charlottecouturier.com\/index.php\/wp-json\/wp\/v2\/types\/page"}],"author":[{"embeddable":true,"href":"https:\/\/charlottecouturier.com\/index.php\/wp-json\/wp\/v2\/users\/1"}],"replies":[{"embeddable":true,"href":"https:\/\/charlottecouturier.com\/index.php\/wp-json\/wp\/v2\/comments?post=1117"}],"version-history":[{"count":12,"href":"https:\/\/charlottecouturier.com\/index.php\/wp-json\/wp\/v2\/pages\/1117\/revisions"}],"predecessor-version":[{"id":1330,"href":"https:\/\/charlottecouturier.com\/index.php\/wp-json\/wp\/v2\/pages\/1117\/revisions\/1330"}],"wp:attachment":[{"href":"https:\/\/charlottecouturier.com\/index.php\/wp-json\/wp\/v2\/media?parent=1117"}],"curies":[{"name":"wp","href":"https:\/\/api.w.org\/{rel}","templated":true}]}}