{"id":1124,"date":"2025-04-07T12:27:51","date_gmt":"2025-04-07T12:27:51","guid":{"rendered":"https:\/\/charlottecouturier.com\/?page_id=1124"},"modified":"2025-09-19T12:07:57","modified_gmt":"2025-09-19T12:07:57","slug":"engagement","status":"publish","type":"page","link":"https:\/\/charlottecouturier.com\/index.php\/engagement\/","title":{"rendered":"engagement"},"content":{"rendered":"\n<p>Mon premier outil\u00a0militant fut la cr\u00e9ation, en 2016,\u00a0d&rsquo;un<strong>\u00a0<\/strong>Livre Vivant sur les discriminations sexistes dans le milieu artistique, pr\u00e9sent\u00e9 de nombreuses fois en Belgique ainsi qu\u2019en Italie.<br>Je suis \u00e9galement active au sein du collectif\u00a0F.(s), regroupant les femmes du secteur culturel et artistique en Belgique, depuis sa cr\u00e9ation en 2018. Attentive \u00e0 y d\u00e9velopper des outils de formation, j&rsquo;ai notamment co-organis\u00e9 le festival\u00a0<em>Pratiques de survie en milieu culturel\u00a0<\/em>en septembre 2019 \u00e0 La Bellone avec les autres membres de Culture-\u00c9gales.\u00a0<br>J&rsquo;ai a \u00e9galement \u00e9t\u00e9 invit\u00e9e \u00e0 plusieurs reprises \u00e0 prendre la parole en public ou dans les m\u00e9dias pour pr\u00e9senter les travaux du collectif (Parlement de la F\u00e9d\u00e9ration Wallonie \u2013 Bruxelles, Festival \u201cElles tournent\u201d, YESSS Podcast, StillStanding for Culture, Graines de Cin\u00e9astes\u2026)<br>Entre 2018 et 2019, j&rsquo;ai particip\u00e9 au d\u00e9veloppement d\u2019une \u00e9mission sur Radio Panik intitul\u00e9e\u00a0<em>Faire genres !<\/em><\/p>\n\n\n\n<p>Actuellement, j&rsquo;\u00e9labore le contenu de mes recherches sur la parole des femmes* (personnes s&rsquo;identifiant comme femmes) et les processus syst\u00e9miques d\u2019invisibilisation de celles-ci sous la forme d\u2019une conf\u00e9rence \u2013 spectacle intitul\u00e9e :&nbsp;<em>Ce qui entrave la parole des femmes*<\/em>.<\/p>\n\n\n\n<p><\/p>\n","protected":false},"excerpt":{"rendered":"<p>Mon premier outil\u00a0militant fut la cr\u00e9ation, en 2016,\u00a0d&rsquo;un\u00a0Livre Vivant sur les discriminations sexistes dans le milieu artistique, pr\u00e9sent\u00e9 de nombreuses fois en [&hellip;]<\/p>\n","protected":false},"author":1,"featured_media":0,"parent":0,"menu_order":0,"comment_status":"closed","ping_status":"closed","template":"","meta":{"footnotes":""},"class_list":["post-1124","page","type-page","status-publish","hentry"],"_links":{"self":[{"href":"https:\/\/charlottecouturier.com\/index.php\/wp-json\/wp\/v2\/pages\/1124","targetHints":{"allow":["GET"]}}],"collection":[{"href":"https:\/\/charlottecouturier.com\/index.php\/wp-json\/wp\/v2\/pages"}],"about":[{"href":"https:\/\/charlottecouturier.com\/index.php\/wp-json\/wp\/v2\/types\/page"}],"author":[{"embeddable":true,"href":"https:\/\/charlottecouturier.com\/index.php\/wp-json\/wp\/v2\/users\/1"}],"replies":[{"embeddable":true,"href":"https:\/\/charlottecouturier.com\/index.php\/wp-json\/wp\/v2\/comments?post=1124"}],"version-history":[{"count":7,"href":"https:\/\/charlottecouturier.com\/index.php\/wp-json\/wp\/v2\/pages\/1124\/revisions"}],"predecessor-version":[{"id":1284,"href":"https:\/\/charlottecouturier.com\/index.php\/wp-json\/wp\/v2\/pages\/1124\/revisions\/1284"}],"wp:attachment":[{"href":"https:\/\/charlottecouturier.com\/index.php\/wp-json\/wp\/v2\/media?parent=1124"}],"curies":[{"name":"wp","href":"https:\/\/api.w.org\/{rel}","templated":true}]}}