{"id":1152,"date":"2025-04-07T13:22:56","date_gmt":"2025-04-07T13:22:56","guid":{"rendered":"https:\/\/charlottecouturier.com\/?page_id=1152"},"modified":"2025-09-20T12:06:42","modified_gmt":"2025-09-20T12:06:42","slug":"a-propos","status":"publish","type":"page","link":"https:\/\/charlottecouturier.com\/index.php\/a-propos\/","title":{"rendered":"qui suis-je ?"},"content":{"rendered":"\n<div class=\"wp-block-columns is-layout-flex wp-container-core-columns-is-layout-9d6595d7 wp-block-columns-is-layout-flex\">\n<div class=\"wp-block-column is-vertically-aligned-center is-layout-flow wp-block-column-is-layout-flow\" style=\"flex-basis:66.66%\">\n<p>Expatri\u00e9e po\u00e9tique \u00e0 Bruxelles depuis 2006, je suis venue y poursuivre mes \u00e9tudes artistiques. Com\u00e9dienne et metteuse en sc\u00e8ne de formation, j&rsquo;ai depuis tiss\u00e9 mon propre chemin.<\/p>\n<\/div>\n\n\n\n<div class=\"wp-block-column is-layout-flow wp-block-column-is-layout-flow\" style=\"flex-basis:33.33%\">\n<figure class=\"wp-block-image size-large\"><img fetchpriority=\"high\" decoding=\"async\" width=\"680\" height=\"1024\" src=\"https:\/\/charlottecouturier.com\/wp-content\/uploads\/2019\/04\/Charlotte-Couturier-par-Aurore-dal-Mas-680x1024.jpg\" alt=\"\" class=\"wp-image-897\" srcset=\"https:\/\/charlottecouturier.com\/wp-content\/uploads\/2019\/04\/Charlotte-Couturier-par-Aurore-dal-Mas-680x1024.jpg 680w, https:\/\/charlottecouturier.com\/wp-content\/uploads\/2019\/04\/Charlotte-Couturier-par-Aurore-dal-Mas-199x300.jpg 199w, https:\/\/charlottecouturier.com\/wp-content\/uploads\/2019\/04\/Charlotte-Couturier-par-Aurore-dal-Mas-768x1156.jpg 768w, https:\/\/charlottecouturier.com\/wp-content\/uploads\/2019\/04\/Charlotte-Couturier-par-Aurore-dal-Mas-1020x1536.jpg 1020w, https:\/\/charlottecouturier.com\/wp-content\/uploads\/2019\/04\/Charlotte-Couturier-par-Aurore-dal-Mas-1360x2048.jpg 1360w, https:\/\/charlottecouturier.com\/wp-content\/uploads\/2019\/04\/Charlotte-Couturier-par-Aurore-dal-Mas-480x723.jpg 480w, https:\/\/charlottecouturier.com\/wp-content\/uploads\/2019\/04\/Charlotte-Couturier-par-Aurore-dal-Mas-1000x1506.jpg 1000w, https:\/\/charlottecouturier.com\/wp-content\/uploads\/2019\/04\/Charlotte-Couturier-par-Aurore-dal-Mas-230x346.jpg 230w, https:\/\/charlottecouturier.com\/wp-content\/uploads\/2019\/04\/Charlotte-Couturier-par-Aurore-dal-Mas-350x527.jpg 350w, https:\/\/charlottecouturier.com\/wp-content\/uploads\/2019\/04\/Charlotte-Couturier-par-Aurore-dal-Mas-scaled.jpg 1700w\" sizes=\"(max-width: 680px) 100vw, 680px\" \/><\/figure>\n<\/div>\n<\/div>\n\n\n\n<p><\/p>\n\n\n\n<h2 class=\"wp-block-heading\">Mon tr\u00e9pied :<\/h2>\n\n\n\n<p><strong>\u2728<\/strong><a href=\"https:\/\/charlottecouturier.com\/index.php\/art\/\" data-type=\"page\" data-id=\"1117\"><strong> <\/strong>Sc\u00e8ne et voix<br><\/a> Je cr\u00e9e et participe \u00e0 des performances qui explorent le texte sous toutes ses formes, c\u00e9l\u00e9brant la puissance de la parole, de l&rsquo;\u00e9criture et ce passionnant passage de l&rsquo;une \u00e0 l&rsquo;autre.<\/p>\n\n\n\n<p><strong>\ud83c\udf3f <\/strong><a href=\"https:\/\/charlottecouturier.com\/index.php\/formations\/\" data-type=\"page\" data-id=\"1121\">Formations<\/a><br>Depuis 2010, j&rsquo;anime des ateliers autour de l&rsquo;expression orale, permettant \u00e0 chacun\u00b7e de trouver sa voix authentique. Mon approche s&rsquo;\u00e9loigne des m\u00e9thodes conventionnelles pour faire \u00e9merger la singularit\u00e9 de chaque personne.<\/p>\n\n\n\n<p><strong>\u26a1 <\/strong><a href=\"https:\/\/charlottecouturier.com\/index.php\/engagement\/\" data-type=\"page\" data-id=\"1124\">Engagement<\/a><br> Impliqu\u00e9e dans plusieurs luttes contre les discriminations, j&rsquo;accompagne avec ferveur militant\u00b7es et personnalit\u00e9s politiques dans leurs prises de parole.<\/p>\n\n\n\n<p>Au plaisir de faire quelque chose ensemble !<\/p>\n\n\n\n<p><\/p>\n","protected":false},"excerpt":{"rendered":"<p>Expatri\u00e9e po\u00e9tique \u00e0 Bruxelles depuis 2006, je suis venue y poursuivre mes \u00e9tudes artistiques. Com\u00e9dienne et metteuse en sc\u00e8ne de formation, j&rsquo;ai [&hellip;]<\/p>\n","protected":false},"author":1,"featured_media":0,"parent":0,"menu_order":0,"comment_status":"closed","ping_status":"closed","template":"","meta":{"footnotes":""},"class_list":["post-1152","page","type-page","status-publish","hentry"],"_links":{"self":[{"href":"https:\/\/charlottecouturier.com\/index.php\/wp-json\/wp\/v2\/pages\/1152","targetHints":{"allow":["GET"]}}],"collection":[{"href":"https:\/\/charlottecouturier.com\/index.php\/wp-json\/wp\/v2\/pages"}],"about":[{"href":"https:\/\/charlottecouturier.com\/index.php\/wp-json\/wp\/v2\/types\/page"}],"author":[{"embeddable":true,"href":"https:\/\/charlottecouturier.com\/index.php\/wp-json\/wp\/v2\/users\/1"}],"replies":[{"embeddable":true,"href":"https:\/\/charlottecouturier.com\/index.php\/wp-json\/wp\/v2\/comments?post=1152"}],"version-history":[{"count":17,"href":"https:\/\/charlottecouturier.com\/index.php\/wp-json\/wp\/v2\/pages\/1152\/revisions"}],"predecessor-version":[{"id":1371,"href":"https:\/\/charlottecouturier.com\/index.php\/wp-json\/wp\/v2\/pages\/1152\/revisions\/1371"}],"wp:attachment":[{"href":"https:\/\/charlottecouturier.com\/index.php\/wp-json\/wp\/v2\/media?parent=1152"}],"curies":[{"name":"wp","href":"https:\/\/api.w.org\/{rel}","templated":true}]}}

<div class="wp-block-columns is-layout-flex wp-container-core-columns-is-layout-9d6595d7 wp-block-columns-is-layout-flex">
<div class="wp-block-column is-vertically-aligned-center is-layout-flow wp-block-column-is-layout-flow" style="flex-basis:66.66%">
<p>Expatriée poétique à Bruxelles depuis 2006, je suis venue y poursuivre mes études artistiques. Comédienne et metteuse en scène de formation, j&rsquo;ai depuis tissé mon propre chemin.</p>
</div>



<div class="wp-block-column is-layout-flow wp-block-column-is-layout-flow" style="flex-basis:33.33%">
<figure class="wp-block-image size-large"><img fetchpriority="high" decoding="async" width="680" height="1024" src="https://charlottecouturier.com/wp-content/uploads/2019/04/Charlotte-Couturier-par-Aurore-dal-Mas-680x1024.jpg" alt="" class="wp-image-897" srcset="https://charlottecouturier.com/wp-content/uploads/2019/04/Charlotte-Couturier-par-Aurore-dal-Mas-680x1024.jpg 680w, https://charlottecouturier.com/wp-content/uploads/2019/04/Charlotte-Couturier-par-Aurore-dal-Mas-199x300.jpg 199w, https://charlottecouturier.com/wp-content/uploads/2019/04/Charlotte-Couturier-par-Aurore-dal-Mas-768x1156.jpg 768w, https://charlottecouturier.com/wp-content/uploads/2019/04/Charlotte-Couturier-par-Aurore-dal-Mas-1020x1536.jpg 1020w, https://charlottecouturier.com/wp-content/uploads/2019/04/Charlotte-Couturier-par-Aurore-dal-Mas-1360x2048.jpg 1360w, https://charlottecouturier.com/wp-content/uploads/2019/04/Charlotte-Couturier-par-Aurore-dal-Mas-480x723.jpg 480w, https://charlottecouturier.com/wp-content/uploads/2019/04/Charlotte-Couturier-par-Aurore-dal-Mas-1000x1506.jpg 1000w, https://charlottecouturier.com/wp-content/uploads/2019/04/Charlotte-Couturier-par-Aurore-dal-Mas-230x346.jpg 230w, https://charlottecouturier.com/wp-content/uploads/2019/04/Charlotte-Couturier-par-Aurore-dal-Mas-350x527.jpg 350w, https://charlottecouturier.com/wp-content/uploads/2019/04/Charlotte-Couturier-par-Aurore-dal-Mas-scaled.jpg 1700w" sizes="(max-width: 680px) 100vw, 680px" /></figure>
</div>
</div>



<p></p>



<h2 class="wp-block-heading">Mon trépied :</h2>



<p><strong>✨</strong><a href="https://charlottecouturier.com/index.php/art/" data-type="page" data-id="1117"><strong> </strong>Scène et voix<br></a> Je crée et participe à des performances qui explorent le texte sous toutes ses formes, célébrant la puissance de la parole, de l&rsquo;écriture et ce passionnant passage de l&rsquo;une à l&rsquo;autre.</p>



<p><strong>🌿 </strong><a href="https://charlottecouturier.com/index.php/formations/" data-type="page" data-id="1121">Formations</a><br>Depuis 2010, j&rsquo;anime des ateliers autour de l&rsquo;expression orale, permettant à chacun·e de trouver sa voix authentique. Mon approche s&rsquo;éloigne des méthodes conventionnelles pour faire émerger la singularité de chaque personne.</p>



<p><strong>⚡ </strong><a href="https://charlottecouturier.com/index.php/engagement/" data-type="page" data-id="1124">Engagement</a><br> Impliquée dans plusieurs luttes contre les discriminations, j&rsquo;accompagne avec ferveur militant·es et personnalités politiques dans leurs prises de parole.</p>



<p>Au plaisir de faire quelque chose ensemble !</p>



<p></p>

<p>Expatriée poétique à Bruxelles depuis 2006, je suis venue y poursuivre mes études artistiques. Comédienne et metteuse en scène de formation, j&rsquo;ai [&hellip;]</p>
